
What is the hundred thousands digit of 77024848?
0
What is the hundreds digit of 48678033?
0
What is the tens digit of 540748470?
7
What is the thousands digit of 2399763004?
3
What is the hundred thousands digit of 2108466917?
4
What is the hundred thousands digit of 936317556?
3
What is the ten millions digit of 98277353?
9
What is the millions digit of 82848755?
2
What is the millions digit of 1946676769?
6
What is the thousands digit of 76766744?
6
What is the hundred millions digit of 1221878992?
2
What is the units digit of 128066368?
8
What is the millions digit of 1351685917?
1
What is the hundreds digit of 435813330?
3
What is the hundred millions digit of 2842991059?
8
What is the ten thousands digit of 158522031?
2
What is the ten thousands digit of 1235181646?
8
What is the hundred millions digit of 163552801?
1
What is the hundred millions digit of 150232189?
1
What is the thousands digit of 79524257?
4
What is the millions digit of 379313422?
9
What is the ten millions digit of 72364131?
7
What is the units digit of 743375732?
2
What is the hundreds digit of 2027747306?
3
What is the ten millions digit of 842374447?
4
What is the thousands digit of 1112277466?
7
What is the hundreds digit of 141351484?
4
What is the units digit of 111817114?
4
What is the ten millions digit of 46295133?
4
What is the hundred thousands digit of 3519263509?
2
What is the millions digit of 79136921?
9
What is the ten thousands digit of 403065860?
6
What is the hundreds digit of 1624540582?
5
What is the ten thousands digit of 21120614?
2
What is the ten thousands digit of 1260261681?
6
What is the ten thousands digit of 64570190?
7
What is the millions digit of 88613034?
8
What is the units digit of 44232348?
8
What is the hundreds digit of 1053439917?
9
What is the hundred thousands digit of 37213905?
2
What is the ten thousands digit of 999050283?
5
What is the hundreds digit of 7630036?
0
What is the units digit of 52433943?
3
What is the ten millions digit of 7451397033?
5
What is the ten thousands digit of 284807647?
0
What is the units digit of 1985383?
3
What is the units digit of 30837964?
4
What is the ten thousands digit of 5443643?
4
What is the millions digit of 406827370?
6
What is the hundred thousands digit of 11009350?
0
What is the tens digit of 324005054?
5
What is the hundreds digit of 36432628?
6
What is the ten millions digit of 240679703?
4
What is the ten thousands digit of 226107897?
0
What is the thousands digit of 48237680?
7
What is the hundred millions digit of 645323288?
6
What is the millions digit of 1922061393?
2
What is the ten thousands digit of 125870839?
7
What is the thousands digit of 83703142?
3
What is the hundred thousands digit of 12923274?
9
What is the ten millions digit of 91830493?
9
What is the thousands digit of 1223628376?
8
What is the tens digit of 2437974144?
4
What is the ten millions digit of 42675048?
4
What is the hundred thousands digit of 4606878235?
8
What is the hundred thousands digit of 500902034?
9
What is the thousands digit of 474653785?
3
What is the units digit of 5228483?
3
What is the thousands digit of 2142749634?
9
What is the hundreds digit of 1408225446?
4
What is the ten thousands digit of 50539375?
3
What is the hundred thousands digit of 36187145?
1
What is the ten thousands digit of 301119184?
1
What is the thousands digit of 108507496?
7
What is the ten millions digit of 798839865?
9
What is the ten thousands digit of 101638164?
3
What is the units digit of 59646430?
0
What is the ten millions digit of 98280211?
9
What is the thousands digit of 195948427?
8
What is the millions digit of 711044768?
1
What is the hundred millions digit of 122109187?
1
What is the thousands digit of 36888455?
8
What is the ten thousands digit of 1502017369?
1
What is the thousands digit of 25643512?
3
What is the billions digit of 4012536553?
4
What is the ten thousands digit of 41911672?
1
What is the ten thousands digit of 94950622?
5
What is the hundreds digit of 162729456?
4
What is the thousands digit of 281312525?
2
What is the hundred thousands digit of 16756991?
7
What is the ten thousands digit of 64808969?
0
What is the hundred millions digit of 218362840?
2
What is the ten thousands digit of 154731414?
3
What is the thousands digit of 1470258104?
8
What is the millions digit of 30476556?
0
What is the hundred thousands digit of 670866546?
8
What is the thousands digit of 246423740?
3
What is the hundred millions digit of 2150902087?
1
What is the thousands digit of 130480387?
0
What is the millions digit of 87671136?
7
What is the ten thousands digit of 314989892?
8
What is the hundred thousands digit of 765061848?
0
What is the hundred thousands digit of 1542588498?
5
What is the hundred millions digit of 7659954965?
6
What is the millions digit of 832602008?
2
What is the millions digit of 5678697557?
8
What is the millions digit of 14361554?
4
What is the ten thousands digit of 1014227493?
2
What is the billions digit of 1726845598?
1
What is the units digit of 466504990?
0
What is the thousands digit of 14355659?
5
What is the hundred millions digit of 5044994138?
0
What is the units digit of 443957196?
6
What is the hundreds digit of 755858386?
3
What is the ten thousands digit of 645819882?
1
What is the ten millions digit of 25805743?
2
What is the units digit of 5418473510?
0
What is the hundreds digit of 9907095?
0
What is the ten millions digit of 1955148688?
5
What is the ten thousands digit of 5835443744?
4
What is the units digit of 1839023181?
1
What is the millions digit of 94150966?
4
What is the units digit of 17591832?
2
What is the millions digit of 9526028468?
6
What is the thousands digit of 3865959252?
9
What is the tens digit of 65406187?
8
What is the tens digit of 50672079?
7
What is the tens digit of 104105269?
6
What is the units digit of 60478539?
9
What is the hundred thousands digit of 10591210?
5
What is the hundreds digit of 799738298?
2
What is the ten thousands digit of 234033300?
3
What is the ten millions digit of 358386203?
5
What is the hundreds digit of 257129889?
8
What is the ten thousands digit of 712956?
1
What is the ten millions digit of 24260576?
2
What is the tens digit of 122556646?
4
What is the ten thousands digit of 1361422157?
2
What is the millions digit of 234680674?
4
What is the ten millions digit of 864769232?
6
What is the hundred thousands digit of 1718903399?
9
What is the thousands digit of 1081795513?
5
What is the hundred thousands digit of 272790973?
7
What is the tens digit of 6183108432?
3
What is the ten thousands digit of 51534587?
3
What is the hundred thousands digit of 3019372?
0
What is the hundred thousands digit of 555393814?
3
What is the hundred thousands digit of 697946455?
9
What is the millions digit of 2565502156?
5
What is the tens digit of 2789961681?
8
What is the tens digit of 39521615?
1
What is the hundreds digit of 1096504901?
9
What is the units digit of 110382137?
7
What is the units digit of 73283623?
3
What is the units digit of 32675109?
9
What is the hundred millions digit of 385471495?
3
What is the hundred thousands digit of 897799436?
7
What is the thousands digit of 90350274?
0
What is the hundred millions digit of 539624000?
5
What is the hundred thousands digit of 1256495954?
4
What is the ten thousands digit of 582944286?
4
What is the ten millions digit of 3321166345?
2
What is the ten thousands digit of 1731721147?
2
What is the hundred millions digit of 146885472?
1
What is the hundreds digit of 9205205?
2
What is the ten thousands digit of 3559603618?
0
What is the thousands digit of 3639749410?
9
What is the billions digit of 1392877218?
1
What is the hundreds digit of 51292834?
8
What is the hundred thousands digit of 1007897300?
8
What is the tens digit of 3339967356?
5
What is the hundreds digit of 190403182?
1
What is the thousands digit of 126957616?
7
What is the hundred thousands digit of 99356183?
3
What is the ten thousands digit of 230944389?
4
What is the millions digit of 2979406185?
9
What is the hundreds digit of 72988283?
2
What is the millions digit of 254166596?
4
What is the hundred millions digit of 2516473391?
5
What is the tens digit of 136733379?
7
Wh